{"id":4954,"date":"2024-06-13T19:52:22","date_gmt":"2024-06-13T16:52:22","guid":{"rendered":"https:\/\/meretopatlayici.com.tr\/?page_id=4954"},"modified":"2024-06-13T20:04:15","modified_gmt":"2024-06-13T17:04:15","slug":"kapsule-duyarli-patlayici","status":"publish","type":"page","link":"https:\/\/meretopatlayici.com.tr\/index.php\/kapsule-duyarli-patlayici\/","title":{"rendered":"Kaps\u00fcle Duyarl\u0131 Patlay\u0131c\u0131"},"content":{"rendered":"\t\t<div data-elementor-type=\"wp-page\" data-elementor-id=\"4954\" class=\"elementor elementor-4954\">\n\t\t\t\t\t\t<section class=\"elementor-section elementor-top-section elementor-element elementor-element-4a800654 elementor-section-boxed elementor-section-height-default elementor-section-height-default\" data-id=\"4a800654\" data-element_type=\"section\">\n\t\t\t\t\t\t<div class=\"elementor-container elementor-column-gap-no\">\n\t\t\t\t\t<div class=\"elementor-column elementor-col-100 elementor-top-column elementor-element elementor-element-1d3b9efc\" data-id=\"1d3b9efc\" data-element_type=\"column\">\n\t\t\t<div class=\"elementor-widget-wrap elementor-element-populated\">\n\t\t\t\t\t\t<section class=\"elementor-section elementor-inner-section elementor-element elementor-element-2202ec6e elementor-section-full_width elementor-section-height-default elementor-section-height-default\" data-id=\"2202ec6e\" data-element_type=\"section\">\n\t\t\t\t\t\t<div class=\"elementor-container elementor-column-gap-no\">\n\t\t\t\t\t<div class=\"elementor-column elementor-col-100 elementor-inner-column elementor-element elementor-element-3ec19dd5 page-single\" data-id=\"3ec19dd5\" data-element_type=\"column\">\n\t\t\t<div class=\"elementor-widget-wrap elementor-element-populated\">\n\t\t\t\t\t\t<div class=\"elementor-element elementor-element-24292833 page-img elementor-widget elementor-widget-image\" data-id=\"24292833\" data-element_type=\"widget\" data-widget_type=\"image.default\">\n\t\t\t\t<div class=\"elementor-widget-container\">\n\t\t\t<style>\/*! elementor - v3.22.0 - 26-06-2024 *\/\n.elementor-widget-image{text-align:center}.elementor-widget-image a{display:inline-block}.elementor-widget-image a img[src$=\".svg\"]{width:48px}.elementor-widget-image img{vertical-align:middle;display:inline-block}<\/style>\t\t\t\t\t\t\t\t\t\t<img fetchpriority=\"high\" decoding=\"async\" width=\"1910\" height=\"1274\" src=\"https:\/\/meretopatlayici.com.tr\/wp-content\/uploads\/2024\/06\/dynex-gold-1.jpg\" class=\"attachment-full size-full wp-image-4897\" alt=\"\" srcset=\"https:\/\/meretopatlayici.com.tr\/wp-content\/uploads\/2024\/06\/dynex-gold-1.jpg 1910w, https:\/\/meretopatlayici.com.tr\/wp-content\/uploads\/2024\/06\/dynex-gold-1-600x400.jpg 600w, https:\/\/meretopatlayici.com.tr\/wp-content\/uploads\/2024\/06\/dynex-gold-1-300x200.jpg 300w, https:\/\/meretopatlayici.com.tr\/wp-content\/uploads\/2024\/06\/dynex-gold-1-1024x683.jpg 1024w, https:\/\/meretopatlayici.com.tr\/wp-content\/uploads\/2024\/06\/dynex-gold-1-768x512.jpg 768w, https:\/\/meretopatlayici.com.tr\/wp-content\/uploads\/2024\/06\/dynex-gold-1-1536x1025.jpg 1536w\" sizes=\"(max-width: 1910px) 100vw, 1910px\" \/>\t\t\t\t\t\t\t\t\t\t\t\t\t<\/div>\n\t\t\t\t<\/div>\n\t\t\t\t<div class=\"elementor-element elementor-element-3e358639 h3 page-title elementor-widget elementor-widget-heading\" data-id=\"3e358639\" data-element_type=\"widget\" data-widget_type=\"heading.default\">\n\t\t\t\t<div class=\"elementor-widget-container\">\n\t\t\t<style>\/*! elementor - v3.22.0 - 26-06-2024 *\/\n.elementor-heading-title{padding:0;margin:0;line-height:1}.elementor-widget-heading .elementor-heading-title[class*=elementor-size-]>a{color:inherit;font-size:inherit;line-height:inherit}.elementor-widget-heading .elementor-heading-title.elementor-size-small{font-size:15px}.elementor-widget-heading .elementor-heading-title.elementor-size-medium{font-size:19px}.elementor-widget-heading .elementor-heading-title.elementor-size-large{font-size:29px}.elementor-widget-heading .elementor-heading-title.elementor-size-xl{font-size:39px}.elementor-widget-heading .elementor-heading-title.elementor-size-xxl{font-size:59px}<\/style><h3 class=\"elementor-heading-title elementor-size-default\"><h2 style=\"font-family: Barlow, sans-serif; white-space: normal;\">Kaps\u00fcle Duyarl\u0131 Patlay\u0131c\u0131<\/h2><\/h3>\t\t<\/div>\n\t\t\t\t<\/div>\n\t\t\t\t<div class=\"elementor-element elementor-element-fab3ecb elementor-widget elementor-widget-text-editor\" data-id=\"fab3ecb\" data-element_type=\"widget\" data-widget_type=\"text-editor.default\">\n\t\t\t\t<div class=\"elementor-widget-container\">\n\t\t\t<style>\/*! elementor - v3.22.0 - 26-06-2024 *\/\n.elementor-widget-text-editor.elementor-drop-cap-view-stacked .elementor-drop-cap{background-color:#69727d;color:#fff}.elementor-widget-text-editor.elementor-drop-cap-view-framed .elementor-drop-cap{color:#69727d;border:3px solid;background-color:transparent}.elementor-widget-text-editor:not(.elementor-drop-cap-view-default) .elementor-drop-cap{margin-top:8px}.elementor-widget-text-editor:not(.elementor-drop-cap-view-default) .elementor-drop-cap-letter{width:1em;height:1em}.elementor-widget-text-editor .elementor-drop-cap{float:left;text-align:center;line-height:1;font-size:50px}.elementor-widget-text-editor .elementor-drop-cap-letter{display:inline-block}<\/style>\t\t\t\t<p>Kaps\u00fcle duyarl\u0131 patlay\u0131c\u0131lar, bir detonat\u00f6r (kaps\u00fcl) ile do\u011frudan ba\u015flat\u0131labilen, patlay\u0131c\u0131 maddelerdir. Bu t\u00fcr patlay\u0131c\u0131lar, g\u00fcvenilir ve etkili bir \u015fekilde ba\u015flat\u0131labilmeleri i\u00e7in \u00f6zel olarak form\u00fcle edilmi\u015ftir. Kaps\u00fcle duyarl\u0131 patlay\u0131c\u0131lar, madencilik, in\u015faat ve ta\u015f ocaklar\u0131 gibi sekt\u00f6rlerde yayg\u0131n olarak kullan\u0131l\u0131r.<\/p>\t\t\t\t\t\t<\/div>\n\t\t\t\t<\/div>\n\t\t\t\t<div class=\"elementor-element elementor-element-13da03a elementor-widget elementor-widget-text-editor\" data-id=\"13da03a\" data-element_type=\"widget\" data-widget_type=\"text-editor.default\">\n\t\t\t\t<div class=\"elementor-widget-container\">\n\t\t\t\t\t\t\t<ul><li><strong>G\u00fcvenilir Ba\u015flatma<\/strong>: Kaps\u00fcle duyarl\u0131 patlay\u0131c\u0131lar, bir detonat\u00f6rle do\u011frudan ba\u015flat\u0131labildikleri i\u00e7in g\u00fcvenilir bir patlama sa\u011flar.<\/li><li><strong>Kolay Kullan\u0131m<\/strong>: Di\u011fer patlay\u0131c\u0131 t\u00fcrlerine g\u00f6re daha basit ba\u015flatma s\u00fcre\u00e7leri vard\u0131r, bu da onlar\u0131 kullan\u0131c\u0131 dostu yapar.<\/li><li><strong>\u00c7e\u015fitli Uygulamalar<\/strong>: Geni\u015f bir uygulama yelpazesinde kullan\u0131labilirler, \u00f6zellikle hassas patlatma gerektiren durumlarda tercih edilirler.<\/li><li><strong>Verimlilik<\/strong>: Y\u00fcksek verimlilik sa\u011flayarak, patlatma i\u015flemlerinin daha kontroll\u00fc ve etkili bir \u015fekilde ger\u00e7ekle\u015ftirilmesine olanak tan\u0131r.<\/li><\/ul>\t\t\t\t\t\t<\/div>\n\t\t\t\t<\/div>\n\t\t\t\t<div class=\"elementor-element elementor-element-2d05d58 elementor-widget elementor-widget-text-editor\" data-id=\"2d05d58\" data-element_type=\"widget\" data-widget_type=\"text-editor.default\">\n\t\t\t\t<div class=\"elementor-widget-container\">\n\t\t\t\t\t\t\t<p>Kaps\u00fcle duyarl\u0131 patlay\u0131c\u0131lar, bir detonat\u00f6rle do\u011frudan ba\u015flat\u0131labildikleri i\u00e7in g\u00fcvenilir bir patlama sa\u011flar. Di\u011fer patlay\u0131c\u0131 t\u00fcrlerine g\u00f6re daha basit ba\u015flatma s\u00fcre\u00e7leri vard\u0131r, bu da onlar\u0131 kullan\u0131c\u0131 dostu yapar. Geni\u015f bir uygulama yelpazesinde kullan\u0131labilirler, \u00f6zellikle hassas patlatma gerektiren durumlarda tercih edilirler. Y\u00fcksek verimlilik sa\u011flayarak, patlatma i\u015flemlerinin daha kontroll\u00fc ve etkili bir \u015fekilde ger\u00e7ekle\u015ftirilmesine olanak tan\u0131r.<\/p>\t\t\t\t\t\t<\/div>\n\t\t\t\t<\/div>\n\t\t\t\t<div class=\"elementor-element elementor-element-dc9edaf elementor-widget elementor-widget-text-editor\" data-id=\"dc9edaf\" data-element_type=\"widget\" data-widget_type=\"text-editor.default\">\n\t\t\t\t<div class=\"elementor-widget-container\">\n\t\t\t\t\t\t\t<p><strong>Kullan\u0131m Talimatlar\u0131:<\/strong><\/p><p><strong>Delik Haz\u0131rl\u0131\u011f\u0131<\/strong>: Patlatma yap\u0131lacak delikler, kaps\u00fcle duyarl\u0131 patlay\u0131c\u0131lar i\u00e7in uygun \u015fekilde haz\u0131rlanmal\u0131d\u0131r.<\/p><p><strong>Patlay\u0131c\u0131 Doldurma<\/strong>: Kaps\u00fcle duyarl\u0131 patlay\u0131c\u0131lar, dikkatlice deliklere doldurulmal\u0131d\u0131r.<\/p><p><strong>Kaps\u00fcl Yerle\u015ftirme<\/strong>: Detonat\u00f6r (kaps\u00fcl) dikkatlice patlay\u0131c\u0131ya yerle\u015ftirilmeli ve ba\u011flant\u0131lar g\u00fcvenli bir \u015fekilde yap\u0131lmal\u0131d\u0131r.<\/p><p><strong>Patlatma<\/strong>: G\u00fcvenlik \u00f6nlemleri al\u0131nd\u0131ktan sonra, kaps\u00fcl ate\u015flenerek patlatma i\u015flemi ger\u00e7ekle\u015ftirilir.<\/p>\t\t\t\t\t\t<\/div>\n\t\t\t\t<\/div>\n\t\t\t\t<div class=\"elementor-element elementor-element-183e598 elementor-widget elementor-widget-text-editor\" data-id=\"183e598\" data-element_type=\"widget\" data-widget_type=\"text-editor.default\">\n\t\t\t\t<div class=\"elementor-widget-container\">\n\t\t\t\t\t\t\t<p><strong>G\u00fcvenlik \u00d6nlemleri:<\/strong><\/p><p><strong>E\u011fitimli Personel<\/strong>: Patlay\u0131c\u0131 maddeler yaln\u0131zca e\u011fitimli ve yetkili personel taraf\u0131ndan kullan\u0131lmal\u0131d\u0131r.<\/p><p><strong>G\u00fcvenli Depolama<\/strong>: Kaps\u00fcle duyarl\u0131 patlay\u0131c\u0131lar, uygun ko\u015fullarda ve g\u00fcvenli bir \u015fekilde depolanmal\u0131d\u0131r.<\/p><p><strong>Kullan\u0131m Talimatlar\u0131na Uyma<\/strong>: \u00dcretici taraf\u0131ndan sa\u011flanan kullan\u0131m ve g\u00fcvenlik talimatlar\u0131na titizlikle uyulmal\u0131d\u0131r.<\/p><p><strong>Koruyucu Ekipman<\/strong>: Patlatma i\u015flemleri s\u0131ras\u0131nda uygun ki\u015fisel koruyucu ekipman kullan\u0131lmal\u0131d\u0131r.<\/p>\t\t\t\t\t\t<\/div>\n\t\t\t\t<\/div>\n\t\t\t\t<div class=\"elementor-element elementor-element-27a33d66 elementor-widget elementor-widget-text-editor\" data-id=\"27a33d66\" data-element_type=\"widget\" data-widget_type=\"text-editor.default\">\n\t\t\t\t<div class=\"elementor-widget-container\">\n\t\t\t\t\t\t\t<div class=\"row\"><div class=\"col-md-12 mb-30\"><h3 class=\"h4 mb-20\">Kullan\u0131m Alanlar\u0131<\/h3><div class=\"checklist style3\"><ul><li>Madencilik<\/li><li><i class=\"fas fa-octagon-check\"><\/i>\u0130n\u015faat<\/li><li><i class=\"fas fa-octagon-check\"><\/i> Ta\u015f Ocaklar\u0131<\/li><li><i class=\"fas fa-octagon-check\"><\/i>Savunma Sanayi<\/li><\/ul><\/div><\/div><\/div>\t\t\t\t\t\t<\/div>\n\t\t\t\t<\/div>\n\t\t\t\t<div class=\"elementor-element elementor-element-775fb7c0 elementor-widget elementor-widget-tragafeature\" data-id=\"775fb7c0\" data-element_type=\"widget\" data-widget_type=\"tragafeature.default\">\n\t\t\t\t<div class=\"elementor-widget-container\">\n\t\t\t<div class=\"service-feature-wrap\"><div class=\"service-feature\"><div class=\"service-feature_icon\"><img decoding=\"async\" src=\"https:\/\/themeholy.com\/wordpress\/fresh\/wp-content\/uploads\/2024\/02\/service_feature_1.svg\" alt=\"Mereto%20Patlay\u0131c\u0131%20Madde\"  \/><\/div><div class=\"media-body\"><h4 class=\"service-feature_title\">\u00c7\u00f6z\u00fcm \u00d6nerileri<\/h4><p class=\"service-feature_text\">Esnek \u00e7\u00f6z\u00fcm \u00f6nerileri i\u00e7in uzman ekibimize kolayl\u0131kla dan\u0131\u015fabilirsiniz.<\/p><\/div><\/div><div class=\"service-feature\"><div class=\"service-feature_icon\"><img decoding=\"async\" src=\"https:\/\/themeholy.com\/wordpress\/fresh\/wp-content\/uploads\/2024\/02\/service_feature_2.svg\" alt=\"Mereto%20Patlay\u0131c\u0131%20Madde\"  \/><\/div><div class=\"media-body\"><h4 class=\"service-feature_title\">24\/7 Kaliteli Destek<\/h4><p class=\"service-feature_text\">Her t\u00fcrl\u00fc soru ve g\u00f6r\u00fc\u015f i\u00e7in bizimle ileti\u015fime ge\u00e7ebilirsiniz.<\/p><\/div><\/div><\/div>\t\t<\/div>\n\t\t\t\t<\/div>\n\t\t\t\t\t<\/div>\n\t\t<\/div>\n\t\t\t\t\t<\/div>\n\t\t<\/section>\n\t\t\t\t\t<\/div>\n\t\t<\/div>\n\t\t\t\t\t<\/div>\n\t\t<\/section>\n\t\t\t\t<\/div>\n\t\t","protected":false},"excerpt":{"rendered":"<p>Kaps\u00fcle Duyarl\u0131 Patlay\u0131c\u0131 Kaps\u00fcle duyarl\u0131 patlay\u0131c\u0131lar, bir detonat\u00f6r (kaps\u00fcl) ile do\u011frudan ba\u015flat\u0131labilen, patlay\u0131c\u0131 maddelerdir. Bu t\u00fcr patlay\u0131c\u0131lar, g\u00fcvenilir ve etkili bir \u015fekilde ba\u015flat\u0131labilmeleri i\u00e7in \u00f6zel olarak form\u00fcle edilmi\u015ftir. Kaps\u00fcle duyarl\u0131 patlay\u0131c\u0131lar, madencilik, in\u015faat ve ta\u015f ocaklar\u0131 gibi sekt\u00f6rlerde yayg\u0131n olarak kullan\u0131l\u0131r. G\u00fcvenilir Ba\u015flatma: Kaps\u00fcle duyarl\u0131 patlay\u0131c\u0131lar, bir detonat\u00f6rle do\u011frudan ba\u015flat\u0131labildikleri i\u00e7in g\u00fcvenilir bir patlama sa\u011flar&#8230;.<\/p>\n","protected":false},"author":1,"featured_media":0,"parent":0,"menu_order":0,"comment_status":"closed","ping_status":"closed","template":"template-builder.php","meta":{"footnotes":""},"class_list":["post-4954","page","type-page","status-publish","hentry"],"_links":{"self":[{"href":"https:\/\/meretopatlayici.com.tr\/index.php\/wp-json\/wp\/v2\/pages\/4954"}],"collection":[{"href":"https:\/\/meretopatlayici.com.tr\/index.php\/wp-json\/wp\/v2\/pages"}],"about":[{"href":"https:\/\/meretopatlayici.com.tr\/index.php\/wp-json\/wp\/v2\/types\/page"}],"author":[{"embeddable":true,"href":"https:\/\/meretopatlayici.com.tr\/index.php\/wp-json\/wp\/v2\/users\/1"}],"replies":[{"embeddable":true,"href":"https:\/\/meretopatlayici.com.tr\/index.php\/wp-json\/wp\/v2\/comments?post=4954"}],"version-history":[{"count":4,"href":"https:\/\/meretopatlayici.com.tr\/index.php\/wp-json\/wp\/v2\/pages\/4954\/revisions"}],"predecessor-version":[{"id":4958,"href":"https:\/\/meretopatlayici.com.tr\/index.php\/wp-json\/wp\/v2\/pages\/4954\/revisions\/4958"}],"wp:attachment":[{"href":"https:\/\/meretopatlayici.com.tr\/index.php\/wp-json\/wp\/v2\/media?parent=4954"}],"curies":[{"name":"wp","href":"https:\/\/api.w.org\/{rel}","templated":true}]}}