{"id":508,"date":"2024-02-04T06:44:27","date_gmt":"2024-02-04T06:44:27","guid":{"rendered":"https:\/\/themeholy.com\/wordpress\/fresh\/?page_id=508"},"modified":"2024-07-03T21:02:22","modified_gmt":"2024-07-03T18:02:22","slug":"hakkimizda","status":"publish","type":"page","link":"https:\/\/meretopatlayici.com.tr\/index.php\/hakkimizda\/","title":{"rendered":"Hakk\u0131m\u0131zda"},"content":{"rendered":"\t\t<div data-elementor-type=\"wp-page\" data-elementor-id=\"508\" class=\"elementor elementor-508\">\n\t\t\t\t\t\t<section class=\"elementor-section elementor-top-section elementor-element elementor-element-7600bd6c elementor-section-boxed elementor-section-height-default elementor-section-height-default\" data-id=\"7600bd6c\" data-element_type=\"section\">\n\t\t\t\t\t\t<div class=\"elementor-container elementor-column-gap-default\">\n\t\t\t\t\t<div class=\"elementor-column elementor-col-100 elementor-top-column elementor-element elementor-element-535f23ce\" data-id=\"535f23ce\" data-element_type=\"column\">\n\t\t\t<div class=\"elementor-widget-wrap elementor-element-populated\">\n\t\t\t\t\t\t<div class=\"elementor-element elementor-element-115c4ba elementor-widget elementor-widget-tragasectiontitle\" data-id=\"115c4ba\" data-element_type=\"widget\" data-widget_type=\"tragasectiontitle.default\">\n\t\t\t\t<div class=\"elementor-widget-container\">\n\t\t\t<div class=\"title-area-wrap\"><div class=\"title-area mb-35\" ><span class=\"sub-title subtitle-selector\">HAKKIMIZDA<\/span><h2 class=\"sec-title title-selector\">MERETO PATLAYICI MADDE<\/h2><\/div><p class=\"desc-selector mt-n2 mb-4\">Mereto Patlay\u0131c\u0131 Madde olarak, patlay\u0131c\u0131 madde end\u00fcstrisinde yenilik\u00e7i \u00e7\u00f6z\u00fcmler sunan \u00f6nc\u00fc bir firmay\u0131z. Kurulu\u015fumuzdan bu yana, g\u00fcvenilirlik, kalite ve m\u00fc\u015fteri memnuniyetini temel prensiplerimiz olarak benimsedik. Her ge\u00e7en g\u00fcn b\u00fcy\u00fcyen ve geli\u015fen yap\u0131m\u0131zla sekt\u00f6rdeki yerimizi daha da sa\u011flamla\u015ft\u0131r\u0131yoruz.<\/p><\/div>\t\t<\/div>\n\t\t\t\t<\/div>\n\t\t\t\t<div class=\"elementor-element elementor-element-aa40f5c elementor-widget elementor-widget-tragasectiontitle\" data-id=\"aa40f5c\" data-element_type=\"widget\" data-widget_type=\"tragasectiontitle.default\">\n\t\t\t\t<div class=\"elementor-widget-container\">\n\t\t\t<div class=\"title-area-wrap\"><div class=\"title-area mb-35\" ><\/div><p class=\"desc-selector mt-n2 mb-4\">Misyonumuz, patlay\u0131c\u0131 madde alan\u0131nda en ileri teknolojiyi kullanarak g\u00fcvenli, etkili ve \u00e7evreye duyarl\u0131 \u00e7\u00f6z\u00fcmler sunmakt\u0131r. M\u00fc\u015fterilerimizin ihtiya\u00e7lar\u0131na y\u00f6nelik \u00f6zel \u00e7\u00f6z\u00fcmler geli\u015ftirirken, g\u00fcvenlik standartlar\u0131ndan \u00f6d\u00fcn vermeden hizmet sunmaktay\u0131z.<\/p><\/div>\t\t<\/div>\n\t\t\t\t<\/div>\n\t\t\t\t<div class=\"elementor-element elementor-element-1554537 elementor-widget elementor-widget-tragasectiontitle\" data-id=\"1554537\" data-element_type=\"widget\" data-widget_type=\"tragasectiontitle.default\">\n\t\t\t\t<div class=\"elementor-widget-container\">\n\t\t\t<div class=\"title-area-wrap\"><div class=\"title-area mb-35\" ><\/div><p class=\"desc-selector mt-n2 mb-4\">Vizyonumuz, sekt\u00f6rdeki lider konumumuzu daha da g\u00fc\u00e7lendirerek, global pazarda da ad\u0131m\u0131z\u0131 duyurmak ve patlay\u0131c\u0131 madde teknolojilerinde inovasyonun \u00f6nc\u00fcs\u00fc olmakt\u0131r. Bu hedef do\u011frultusunda, AR-GE \u00e7al\u0131\u015fmalar\u0131na b\u00fcy\u00fck \u00f6nem veriyor ve s\u00fcrekli olarak kendimizi yeniliyoruz.<\/p><\/div>\t\t<\/div>\n\t\t\t\t<\/div>\n\t\t\t\t<div class=\"elementor-element elementor-element-7cb4890 elementor-widget elementor-widget-tragasectiontitle\" data-id=\"7cb4890\" data-element_type=\"widget\" data-widget_type=\"tragasectiontitle.default\">\n\t\t\t\t<div class=\"elementor-widget-container\">\n\t\t\t<div class=\"title-area-wrap\"><div class=\"title-area mb-35\" ><\/div><p class=\"desc-selector mt-n2 mb-4\">- G\u00fcvenlik: T\u00fcm operasyonlar\u0131m\u0131zda en \u00fcst d\u00fczey g\u00fcvenlik \u00f6nlemlerini alarak \u00e7al\u0131\u015fanlar\u0131m\u0131z\u0131n ve m\u00fc\u015fterilerimizin g\u00fcvenli\u011fini sa\u011fl\u0131yoruz.<br><br>\n- Kalite: \u00dcr\u00fcn ve hizmetlerimizde uluslararas\u0131 kalite standartlar\u0131n\u0131 kar\u015f\u0131l\u0131yor ve s\u00fcrekli iyile\u015ftirme \u00e7al\u0131\u015fmalar\u0131 y\u00fcr\u00fct\u00fcyoruz.<br><br>\n- \u0130novasyon: Teknolojik geli\u015fmeleri yak\u0131ndan takip ederek, sekt\u00f6re yenilik\u00e7i \u00e7\u00f6z\u00fcmler sunuyoruz.<br><br>\n- M\u00fc\u015fteri Odakl\u0131l\u0131k: M\u00fc\u015fterilerimizin memnuniyetini her zaman \u00f6n planda tutarak, onlar\u0131n ihtiya\u00e7lar\u0131na y\u00f6nelik en iyi \u00e7\u00f6z\u00fcmleri sunuyoruz.<br><br>\n- \u00c7evre Duyarl\u0131l\u0131\u011f\u0131: Faaliyetlerimizde \u00e7evreye duyarl\u0131 uygulamalar geli\u015ftirerek, s\u00fcrd\u00fcr\u00fclebilir bir gelecek i\u00e7in \u00e7al\u0131\u015f\u0131yoruz.<br><br><\/p><\/div>\t\t<\/div>\n\t\t\t\t<\/div>\n\t\t\t\t<div class=\"elementor-element elementor-element-29cc543 elementor-widget elementor-widget-tragasectiontitle\" data-id=\"29cc543\" data-element_type=\"widget\" data-widget_type=\"tragasectiontitle.default\">\n\t\t\t\t<div class=\"elementor-widget-container\">\n\t\t\t<div class=\"title-area-wrap\"><div class=\"title-area mb-35\" ><\/div><p class=\"desc-selector mt-n2 mb-4\">Ekiplerimiz, alan\u0131nda uzman ve deneyimli profesyonellerden olu\u015fmaktad\u0131r. S\u00fcrekli e\u011fitim ve geli\u015fim programlar\u0131 ile ekiplerimizi en g\u00fcncel bilgi ve teknolojilerle donat\u0131yor, b\u00f6ylece en \u00fcst d\u00fczeyde hizmet sunmalar\u0131n\u0131 sa\u011fl\u0131yoruz.<\/p><\/div>\t\t<\/div>\n\t\t\t\t<\/div>\n\t\t\t\t<div class=\"elementor-element elementor-element-22e2b31 elementor-widget elementor-widget-tragasectiontitle\" data-id=\"22e2b31\" data-element_type=\"widget\" data-widget_type=\"tragasectiontitle.default\">\n\t\t\t\t<div class=\"elementor-widget-container\">\n\t\t\t<div class=\"title-area-wrap\"><div class=\"title-area mb-35\" ><\/div><p class=\"desc-selector mt-n2 mb-4\">Mereto Patlay\u0131c\u0131 Madde olarak, sekt\u00f6rdeki tecr\u00fcbemiz ve uzmanl\u0131\u011f\u0131m\u0131zla m\u00fc\u015fterilerimize en iyi \u00e7\u00f6z\u00fcmleri sunmaya devam ediyoruz. G\u00fcvenlik, kalite ve inovasyon konusundaki kararl\u0131l\u0131\u011f\u0131m\u0131zla, gelece\u011fin teknolojilerini bug\u00fcnden \u015fekillendiriyoruz.<\/p><\/div>\t\t<\/div>\n\t\t\t\t<\/div>\n\t\t\t\t\t<\/div>\n\t\t<\/div>\n\t\t\t\t\t<\/div>\n\t\t<\/section>\n\t\t\t\t<section class=\"elementor-section elementor-top-section elementor-element elementor-element-ba0922d elementor-section-boxed elementor-section-height-default elementor-section-height-default\" data-id=\"ba0922d\" data-element_type=\"section\" data-settings=\"{&quot;background_background&quot;:&quot;classic&quot;}\">\n\t\t\t\t\t\t<div class=\"elementor-container elementor-column-gap-default\">\n\t\t\t\t\t<div class=\"elementor-column elementor-col-50 elementor-top-column elementor-element elementor-element-18a4fd41\" data-id=\"18a4fd41\" data-element_type=\"column\">\n\t\t\t<div class=\"elementor-widget-wrap elementor-element-populated\">\n\t\t\t\t\t\t<section class=\"elementor-section elementor-inner-section elementor-element elementor-element-6c04c6a4 elementor-section-boxed elementor-section-height-default elementor-section-height-default\" data-id=\"6c04c6a4\" data-element_type=\"section\">\n\t\t\t\t\t\t<div class=\"elementor-container elementor-column-gap-no\">\n\t\t\t\t\t<div class=\"elementor-column elementor-col-100 elementor-inner-column elementor-element elementor-element-2647975c\" data-id=\"2647975c\" data-element_type=\"column\">\n\t\t\t<div class=\"elementor-widget-wrap elementor-element-populated\">\n\t\t\t\t\t\t<div class=\"elementor-element elementor-element-527b8b6e elementor-widget elementor-widget-tragasectiontitle\" data-id=\"527b8b6e\" data-element_type=\"widget\" data-widget_type=\"tragasectiontitle.default\">\n\t\t\t\t<div class=\"elementor-widget-container\">\n\t\t\t<div class=\"title-area-wrap\"><div class=\"title-area\" ><h2 class=\"sec-title title-selector\">Neden Bizi Se\u00e7melisiniz ?<\/h2><\/div><\/div>\t\t<\/div>\n\t\t\t\t<\/div>\n\t\t\t\t\t<\/div>\n\t\t<\/div>\n\t\t\t\t\t<\/div>\n\t\t<\/section>\n\t\t\t\t<section class=\"elementor-section elementor-inner-section elementor-element elementor-element-5f3e01b7 elementor-section-boxed elementor-section-height-default elementor-section-height-default\" data-id=\"5f3e01b7\" data-element_type=\"section\">\n\t\t\t\t\t\t<div class=\"elementor-container elementor-column-gap-no\">\n\t\t\t\t\t<div class=\"elementor-column elementor-col-50 elementor-inner-column elementor-element elementor-element-6f80a7aa\" data-id=\"6f80a7aa\" data-element_type=\"column\">\n\t\t\t<div class=\"elementor-widget-wrap elementor-element-populated\">\n\t\t\t\t\t\t<div class=\"elementor-element elementor-element-5730d4fd elementor-widget elementor-widget-tragalist\" data-id=\"5730d4fd\" data-element_type=\"widget\" data-widget_type=\"tragalist.default\">\n\t\t\t\t<div class=\"elementor-widget-container\">\n\t\t\t<div class=\"checklist style2\"><ul><li><i class=\"far fa-check\"><\/i>G\u00fcvenlik Odakl\u0131 Yakla\u015f\u0131m<\/li><li><i class=\"far fa-check\"><\/i>\u00dcst\u00fcn Kalite<\/li><li><i class=\"far fa-check\"><\/i>\u0130novatif \u00c7\u00f6z\u00fcmler<\/li><\/ul><\/div>\t\t<\/div>\n\t\t\t\t<\/div>\n\t\t\t\t\t<\/div>\n\t\t<\/div>\n\t\t\t\t<div class=\"elementor-column elementor-col-50 elementor-inner-column elementor-element elementor-element-20acaa87\" data-id=\"20acaa87\" data-element_type=\"column\">\n\t\t\t<div class=\"elementor-widget-wrap elementor-element-populated\">\n\t\t\t\t\t\t<div class=\"elementor-element elementor-element-d871261 elementor-widget elementor-widget-tragalist\" data-id=\"d871261\" data-element_type=\"widget\" data-widget_type=\"tragalist.default\">\n\t\t\t\t<div class=\"elementor-widget-container\">\n\t\t\t<div class=\"checklist style2\"><ul><li><i class=\"far fa-check\"><\/i>M\u00fc\u015fteri Odakl\u0131 Hizmet<\/li><li><i class=\"far fa-check\"><\/i>Deneyim ve Uzmanl\u0131k<\/li><li><i class=\"far fa-check\"><\/i>Geni\u015f \u00dcr\u00fcn Yelpazesi<\/li><\/ul><\/div>\t\t<\/div>\n\t\t\t\t<\/div>\n\t\t\t\t\t<\/div>\n\t\t<\/div>\n\t\t\t\t\t<\/div>\n\t\t<\/section>\n\t\t\t\t\t<\/div>\n\t\t<\/div>\n\t\t\t\t<div class=\"elementor-column elementor-col-50 elementor-top-column elementor-element elementor-element-1aad43e7\" data-id=\"1aad43e7\" data-element_type=\"column\">\n\t\t\t<div class=\"elementor-widget-wrap elementor-element-populated\">\n\t\t\t\t\t\t<div class=\"elementor-element elementor-element-1866a172 elementor-widget elementor-widget-tragagroupimage\" data-id=\"1866a172\" data-element_type=\"widget\" data-widget_type=\"tragagroupimage.default\">\n\t\t\t\t<div class=\"elementor-widget-container\">\n\t\t\t<div class=\"img-box2\"><div class=\"img1\"><img decoding=\"async\" src=\"https:\/\/meretopatlayici.com.tr\/wp-content\/uploads\/2024\/06\/Adsiz-tasarim-2.png\" alt=\"Mereto%20Patlay\u0131c\u0131%20Madde\"  \/><\/div><\/div>\t\t<\/div>\n\t\t\t\t<\/div>\n\t\t\t\t\t<\/div>\n\t\t<\/div>\n\t\t\t\t\t<\/div>\n\t\t<\/section>\n\t\t\t\t<\/div>\n\t\t","protected":false},"excerpt":{"rendered":"<p>HAKKIMIZDA MERETO PATLAYICI MADDE Mereto Patlay\u0131c\u0131 Madde olarak, patlay\u0131c\u0131 madde end\u00fcstrisinde yenilik\u00e7i \u00e7\u00f6z\u00fcmler sunan \u00f6nc\u00fc bir firmay\u0131z. Kurulu\u015fumuzdan bu yana, g\u00fcvenilirlik, kalite ve m\u00fc\u015fteri memnuniyetini temel prensiplerimiz olarak benimsedik. Her ge\u00e7en g\u00fcn b\u00fcy\u00fcyen ve geli\u015fen yap\u0131m\u0131zla sekt\u00f6rdeki yerimizi daha da sa\u011flamla\u015ft\u0131r\u0131yoruz. Misyonumuz, patlay\u0131c\u0131 madde alan\u0131nda en ileri teknolojiyi kullanarak g\u00fcvenli, etkili ve \u00e7evreye duyarl\u0131 \u00e7\u00f6z\u00fcmler&#8230;<\/p>\n","protected":false},"author":1,"featured_media":0,"parent":0,"menu_order":0,"comment_status":"closed","ping_status":"closed","template":"template-builder.php","meta":{"footnotes":""},"class_list":["post-508","page","type-page","status-publish","hentry"],"_links":{"self":[{"href":"https:\/\/meretopatlayici.com.tr\/index.php\/wp-json\/wp\/v2\/pages\/508"}],"collection":[{"href":"https:\/\/meretopatlayici.com.tr\/index.php\/wp-json\/wp\/v2\/pages"}],"about":[{"href":"https:\/\/meretopatlayici.com.tr\/index.php\/wp-json\/wp\/v2\/types\/page"}],"author":[{"embeddable":true,"href":"https:\/\/meretopatlayici.com.tr\/index.php\/wp-json\/wp\/v2\/users\/1"}],"replies":[{"embeddable":true,"href":"https:\/\/meretopatlayici.com.tr\/index.php\/wp-json\/wp\/v2\/comments?post=508"}],"version-history":[{"count":13,"href":"https:\/\/meretopatlayici.com.tr\/index.php\/wp-json\/wp\/v2\/pages\/508\/revisions"}],"predecessor-version":[{"id":5062,"href":"https:\/\/meretopatlayici.com.tr\/index.php\/wp-json\/wp\/v2\/pages\/508\/revisions\/5062"}],"wp:attachment":[{"href":"https:\/\/meretopatlayici.com.tr\/index.php\/wp-json\/wp\/v2\/media?parent=508"}],"curies":[{"name":"wp","href":"https:\/\/api.w.org\/{rel}","templated":true}]}}